 - d, -m + 2*g + 68 = 0. What are the prime factors of m?
2, 31
Let o be (-1 + 1)/(6 + -7). Let a = 53 - o. List the prime factors of a.
53
Let i = 5 - 7. Let w = 6 + i. List the prime factors of ((-102)/(-9))/(w/6).
17
Let w(n) = -n**3 + 10*n**2 - n + 13. Let a be (11 - 1)*(-1)/(-1). Let l be w(a). Suppose -4*p + 13 = s + 4*s, 19 = 2*s - l*p. What are the prime factors of s?
5
Let c(f) = -f**3 + 5*f**2 - 4*f + 2. Let w be c(4). Suppose -w*s - 104 = -4*s. What are the prime factors of s?
2, 13
Let y(b) = 2*b - 4. Let p be y(5). Suppose j = p*j - 340. What are the prime factors of j?
2, 17
Let g be -1*20/6*-156. Suppose -k + 2*f + 255 = 0, -5*f + 9 - g = -2*k. List the prime factors of k.
11, 23
Let l = -8 + 8. Suppose r + 4 = 3*j, 2*r + 3*r - 25 = l. Suppose j*d + d = 196. List the prime factors of d.
7
Suppose i + 2*i + v = 797, 5*v - 817 = -3*i. What are the prime factors of i?
2, 3, 11
Let q be (-4)/(-5) - -39*6/45. What are the prime factors of 3 + 3*-1 + (q - -30)?
2, 3
Let j be 180/22 - (-2)/(-11). Let h = j + 45. What are the prime factors of h?
53
Let p(i) be the first derivative of 2*i**3/3 + i**2/2 - i + 1. Let t(y) = -70*y - 66. Let g be t(-1). What are the prime factors of p(g)?
5, 7
Suppose 3*h = 4*y + 110, -140 = -5*h - 5*y + 3*y. List the prime factors of 2/(4/3)*500/h.
5
Let q = -811 - -1477. List the prime factors of q.
2, 3, 37
Let o(a) = a**2 - a + 1. Let m = 5 + -11. What are the prime factors of o(m)?
43
Let t(u) = u**3 + 3*u**2 - 2*u + 1. Let p be t(-3). Let g(v) = 2*v - 7. List the prime factors of g(p).
7
Suppose 4*r + 2*h = 5792, -4*h = 3*r - 3567 - 787. List the prime factors of r.
2, 3, 241
Let l(q) = -q + 5. Let r be l(5). Suppose r*b + 5 = -b, 2*o - 43 = b. What are the prime factors of o?
19
Let q(r) = -4*r**3 - r**2. Let h(z) = -z**2 - 8*z - 3. Let n be h(-7). Let t be 3/2 + (-14)/n. List the prime factors of q(t).
2, 7
Suppose 6*s = s. What are the prime factors of 2 + 2 + s - -34?
2, 19
Suppose 0 = -0*r - 17*r + 5100. What are the prime factors of r?
2, 3, 5
Let q be 10/2*24/(-5). Suppose -3*n + 3 = -36. Let h = n - q. List the prime factors of h.
37
Let c(m) = -m**3 + 12*m**2 - m + 26. Let w be c(11). Suppose 6 = -3*o - 0, -4*j - 2*o + w = 0. List the prime factors of j.
5, 7
Suppose -x - 2 - 8 = -4*y, -y + 7 = 2*x. Let v be (x + 1)*(-1494)/(-27). List the prime factors of 4/10 - v/(-10).
17
Let r = 5739 - 3427. What are the prime factors of r?
2, 17
Let t be (1 - 1)/((-2)/(-2)). Suppose -5*m - 5*o + 2 + 103 = t, 3*m = -o + 65. List the prime factors of m.
2, 11
Let f(y) = -y**3 + 7*y**2 + 11*y - 12. Let q(v) = v**3 + 3*v**2 + 3*v + 2. Let l be q(-2). Suppose -p + 1 + 7 = l. List the prime factors of f(p).
2, 3
List the prime factors of 5/(-15)*-1811 - (-5)/15.
2, 151
Let f(w) = -6*w + 23. Let p be f(3). Suppose 625 = 5*t + 2*n, 0*n = -p*n. List the prime factors of t.
5
Suppose 0*t = 6*t + 210. Let u = t - -34. Let b(k) = 16*k**2 + 2*k. List the prime factors of b(u).
2, 7
Let v(x) = 66*x + 10. Let o be v(7). List the prime factors of ((-7)/(-42)*-9)/((-6)/o).
2, 59
Let h = 323 + -186. Let t = h - 81. List the prime factors of t.
2, 7
Let o(l) = -l**3 + 32*l**2 - 21*l - 25. List the prime factors of o(28).
3, 29
Suppose 5*i = i. Suppose -o - 2 = -i*o. Let v = 6 + o. What are the prime factors of v?
2
Suppose 0 = t - x - 30 + 5, -x = -2*t + 48. Let s(b) = -b**2 + 28*b + 47. List the prime factors of s(t).
2, 3
What are the prime factors of 1 + 3692 - (0 + 7)?
2, 19, 97
Let k = 69 + 28. What are the prime factors of k?
97
Suppose -4*o + 7*o + 3 = 0. List the prime factors of 279 + (-2 - o) + (46 - 45).
3, 31
List the prime factors of 37611/12 + (-65)/52.
13, 241
Let b = 33 - -261. List the prime factors of b.
2, 3, 7
Let l = 14 + 5. Let m = -7 - l. Let n = m - -37. List the prime factors of n.
11
Let o(h) = 31*h**3 - 1. Let v be o(1). What are the prime factors of 5554/v - (154/(-105))/(-11)?
5, 37
List the prime factors of (6 - 8)*(3345/(-6))/1.
5, 223
Let h(c) = -c + 13. Let s be h(8). Suppose s*x + 3 + 17 = 0. List the prime factors of (-5)/(2*x/24).
3, 5
Let x(k) = -k**3 + 2*k - 1. Let w be x(-2). Let f be -4 + w + 0 + 4. List the prime factors of ((-9)/f)/(9/(-33)).
11
Suppose 131*d + 370 = 133*d. Let g = d - 60. List the prime factors of g.
5
Suppose -8*j + 224 = -j. Suppose 4*v - 556 = -j. What are the prime factors of v?
131
Let j be 1 + (2 - 3) + 1 + 1. Suppose -4*c + 2*w + 166 = 0, 4*c + c = j*w + 210. What are the prime factors of c?
2, 11
Let s(q) = -q**3 - q - 5. Let n be s(-4). Suppose 2*r = 51 + n. What are the prime factors of r?
3, 19
Let i(g) = 26*g + 19. Let h be 1*(-1 + 6 - 0). List the prime factors of i(h).
149
Let s be (-43)/(-4) - (-24)/(-32). Let b = -6 + s. Suppose -3*o + 30 = 5*r, 3*o + r - b*r = 6. What are the prime factors of o?
5
Let s = -25 + 29. List the prime factors of 6465/165 - s/22.
3, 13
Suppose k = -4*k + 15. Suppose 5*l + k*o = 110, -3*l + 2*o + 66 = -0*l. List the prime factors of l.
2, 11
Suppose 0 = w - 1, -4*u + w + 2*w = 299. Let t = 87 + u. What are the prime factors of t?
13
List the prime factors of (12912/(-72))/((-2)/(-18)*-2).
3, 269
Let a(k) = -2*k**2 + 13. Let o(z) = -2*z**2 + z + 12. Let g(s) = -7*a(s) + 6*o(s). What are the prime factors of g(6)?
89
What are the prime factors of (4/10)/(2/((-33250)/(-7)))?
2, 5, 19
Let f = -13 - -12. Let t be (f + -2 + 4)*1. Let b(z) = 20*z**3 + z**2 - 2*z + 2. List the prime factors of b(t).
3, 7
Let b(l) = -l**3 + 15*l + 1. Let f be b(-4). Suppose f*n - 2*n - 586 = -4*z, -149 = -z - 2*n. List the prime factors of z.
5, 29
Suppose 63*m - 138624 = 25*m. List the prime factors of m.
2, 3, 19
Let r = 246 + -141. Suppose -5*m + 185 = -3*h, -2*m + 0*m + r = 5*h. Suppose -2*d + d = -m. What are the prime factors of d?
2, 5
Suppose -5*c = -2*d + 18, -c - 4 - 5 = 5*d. Let q(s) = 147*s**2 + 4*s + 4. List the prime factors of q(d).
3, 7
Suppose 3*b = -v + 11, 12 = 4*b - b. What are the prime factors of (v + 1576)/7*2/5?
2, 3, 5
Suppose h - 54 = -13. Let l = -26 + h. List the prime factors of l.
3, 5
Let n(p) = 5*p**3 + 7*p**2 + 2*p + 9. Let b be n(-4). Let j = 416 + b. List the prime factors of j.
11, 19
Let p be 6/(-9) - 3660/18. List the prime factors of p/(-16)*64/12.
2, 17
Let y(w) = -13*w - 8. Let a = -37 - -33. Let f be y(a). Suppose 2*h - 78 = f. What are the prime factors of h?
61
Suppose 4*o - 18 = -2*c, 0*c - 2*c - 3 = -3*o. Let r(k) = 2*k**c + 5*k**3 + 5 - 6*k**3 + 6*k**2 - 8*k. List the prime factors of r(-7).
2, 3
Let n = -484 - -571. List the prime factors of n.
3, 29
Suppose 0 = x - 4*x - 3*f + 999, 0 = -4*x - f + 1344. What are the prime factors of x?
337
Suppose 2*y + 3*g = 210, -y = 4*g - 133 + 28. What are the prime factors of y?
3, 5, 7
Let c be (-2)/4 + (-110)/(-4). Let v = -47 - -39. What are the prime factors of c + 4/(v/(-4))?
29
Let y be 347/(-23) + (-6)/(-69). What are the prime factors of y/18*(-4)/(-10)*-417?
139
Suppose -9*b - 87 - 138 = 0. Let z = b + 175. List the prime factors of z.
2, 3, 5
Let f(n) = 330*n + 4. Let a be f(-4). List the prime factors of a/(-21) + 1/3.
3, 7
Let j be (36/10)/(18/45). Suppose 2*x + j = 27. What are the prime factors of x?
3
Let m = 1710 - 1214. List the prime factors of m.
2, 31
Let d = 99 - 95. Suppose d*p - 652 = -0*p - 3*j, 0 = -p - j + 164. List the prime factors of p.
2, 5
Let m(s) = -s + 12. Let g be m(12). Suppose -o + 5 = -g. Suppose -5*k + 140 + 15 = o*j, -5*j + 135 = -5*k. What are the prime factors of j?
29
What are the prime factors of (0 - 2142/12)*(-8)/6?
2, 7, 17
Suppose -8 = 3*p - 20. Suppose p*d = 2*d + 66. List the prime factors of d.
3, 11
Suppose 3*p + 1 = f, 0 = p - 4*p + 9. Suppose t + 5 - f = 0. Suppose 49 = 2*v + 5*i, -v + 5*i = -t + 3. What are the prime factors of v?
17
Let z = 14 + -13. Let t be 143/44 - z/4. Suppose -2*p - 4*k = t*p - 241, -2 = 2*k. List the prime factors of p.
7
Suppose 18 = 2*b + 4*o, 4 - 5 = -5*b + o. Let t = 4 - b. What are the prime factors of ((-288)/20)/(t/(-10))?
2, 3
Suppose -3*k + 2*s + s + 39 = 0, 26 = 2*k + 3*s. Let b(u) = 21*u + 6. What are the prime factors of b(k)?
3, 31
Let q = 390 - 246. Suppose x = -2*h + q, -h + x + x = -82. List the prime factors of h.
2, 37
What are the prime factors of (5/(-20))/((-